hat is the tens digit of s?
5
Let i(u) = u**3 + 47*u**2 - 58*u - 930. What is the thousands digit of i(-41)?
1
Let m = 247 + -247. Suppose -5*j + 2*p + 1523 = m, 2*j - 917 = -j - 2*p. What is the tens digit of j?
0
Suppose 0 = 3*f - 3*w - 23886, 25880 - 9956 = 2*f + 5*w. What is the hundreds digit of f?
9
Let t be 1/((-5)/(-27)) - 18/45. What is the tens digit of 2 + t + -12 + 103?
9
Let o(i) = -55*i + 1. Let t be o(-2). Let d(k) = -23*k + 510. Let b be d(22). Suppose w + t = b*w. What is the tens digit of w?
3
Let f be (18/(-5))/((-21)/7490). Suppose f + 4220 = 8*o. What is the tens digit of o?
8
Let l = -15318 + 56712. What is the ten thousands digit of l?
4
Let h be 989/1 + -8 + 9 + -7. Let s = 2743 - h. What is the units digit of s?
0
Let c = 12974 + -2348. What is the ten thousands digit of c?
1
Let f(o) = 4*o**2 + 10*o - 18. Let d be f(-9). What is the tens digit of d/21*(-84)/(-18)?
4
Let a = 276 - 271. Suppose 5*u + a - 515 = 0. What is the tens digit of u?
0
Suppose 2*t = 3*w + 190, 175 = -5*w - 5*t - 100. Let z = w - -58. Let v(m) = -21*m - 10. What is the units digit of v(z)?
2
Suppose 3*x + 55 = -5*w + 10869, 5*x + 10 = 0. What is the tens digit of w?
6
Let w(i) = 6639*i**2 + 43*i + 90. What is the ten thousands digit of w(-2)?
2
Suppose -37 - 447 = -4*l. Suppose -2*o + 13 + l = 0. What is the tens digit of o?
6
Suppose 3*y = 5*f + 27723, -f - 184 + 187 = 0. What is the thousands digit of y?
9
Let v(u) = 108*u - 3. Let f(c) = c - 1. Let k(z) = 3*f(z) - v(z). Suppose 0 = -0*t + 3*t + 3. What is the hundreds digit of k(t)?
1
Let t be ((-3)/1 - -6)/(6/10). Suppose 4*d = 5*y + 43, 0 = -3*y - 2*d + t*d - 27. Let u(s) = 5*s**2 + 2*s - 2. What is the units digit of u(y)?
9
Let u(h) = h**3 + 2*h**2 - 7*h - 29. Let b be u(-3). What is the hundreds digit of 153868/442 - (-2)/b?
3
Let r(j) = -j + 3. Let s be r(9). Let c(q) = q**3 + 5*q**2 - 10*q - 15. Let z be c(s). Suppose z*h - 83 = 8*h. What is the tens digit of h?
8
Suppose -110540 = -3*d - 4*j, -3*d + 60137 = -4*j - 50435. What is the units digit of (d/(-21))/(-2) + (-18)/42?
7
Let h = 1565 + -950. Suppose -h*o + 618*o = 1953. What is the units digit of o?
1
Let n(p) be the first derivative of -9*p**2/2 - 24*p + 143. Suppose 0 = -2*o - 3*o - 60. What is the units digit of n(o)?
4
Suppose -4*u = -3*u + 6. Let v be -2 - (79*u)/3. Suppose -b + 7*b = v. What is the tens digit of b?
2
Let f = 2013 + 184. Suppose 0 = 15*r - f + 472. What is the tens digit of r?
1
Suppose 2*n = -3*l + 19, n - 5*l - 28 = 1. Suppose -4*r - n = 3*k, -2*k - 9 = -4*k + r. What is the tens digit of (-92)/k*((-4)/8 + -2)?
1
Let u be -2 + (-1 + 1 - 0). Let h(y) = 6*y - 5*y**3 + y**2 - 3*y - 71640 + 71641. What is the tens digit of h(u)?
3
Let c(l) = -l**2 - 9*l + 14. Let d = 3 + -13. Let k be c(d). Suppose k*x = -x + 690. What is the units digit of x?
8
Suppose 4*z = 5*j - 123735, -3*j + 74214 = -11*z + 14*z. What is the ten thousands digit of j?
2
What is the thousands digit of ((-457914)/1503)/((-2)/27*(-9)/(-15))?
6
Let n be -12 + (-50)/(-5) - -15. Let g(w) = 13*w + 29 + 35 - 2*w. What is the units digit of g(n)?
7
Let m(v) = 214*v + 163 + 211*v - 443*v. What is the tens digit of m(-31)?
2
Let k = 26803 + -17948. What is the tens digit of k?
5
Let z = -514 + 152. Let c = z - -582. What is the tens digit of c?
2
Let f(h) = 36*h - 113. Let a be 9 + 1/(1/5). What is the units digit of f(a)?
1
Let r(b) = -7*b + 23 + 5 + 2*b. Suppose 0 = 4*x - 3*h + 65, -x + 10*h = 14*h + 2. What is the tens digit of r(x)?
9
Let x(b) be the second derivative of 10*b**3/3 + 9*b**2 - 2*b. Let l(s) = s. Let h(d) = -2*l(d) + x(d). What is the units digit of h(6)?
6
Suppose -5*z + 4*m + 4 = 0, 2*z + 3*m - 28 = -2*z. Suppose r = 2*o - 2*r - 41, 0 = z*o - 4*r - 88. Suppose -8*k - o = -9*k. What is the tens digit of k?
2
Let v(b) = b**3 + 2*b + 74. Let s(c) = c**3 + 8*c**2 + 7*c + 4. Let d be s(-7). Suppose -t = -d*t. What is the units digit of v(t)?
4
Suppose 3*p - 9 = 0, -3*x + 2*p - 60 = 87. Let z = -43 - x. Suppose z*u - 462 = 3*t - 0*t, 0 = -u - 3*t + 123. What is the hundreds digit of u?
1
Let d(w) = 19*w - 54. Let v be d(3). Suppose -4*n + 5*f + 445 = 0, 4*f + 211 = v*n - 124. What is the hundreds digit of n?
1
Let n = 486 - 315. Suppose n = 3*g - 135. What is the tens digit of g?
0
Suppose -39*z = -3*z - 468. Suppose -w - 290 = -4*d, -12*d - 3*w = -z*d + 78. What is the tens digit of d?
7
Suppose 3*f - 99373 = -v, -3*f - 138*v = -143*v - 99421. What is the ten thousands digit of f?
3
Suppose 0 = 3*w - 2*s + 2997 - 138781, -2*w + 3*s + 90526 = 0. What is the thousands digit of w?
5
Let p = 102308 + -26755. What is the thousands digit of p?
5
Let q(f) = 212*f**2 - 118*f + 56. What is the units digit of q(-6)?
6
Suppose -413*a = -4622590 - 6382229 + 1956815. What is the thousands digit of a?
1
Let m be 4 - (-35 + -1)/1. Let s = m + -35. Suppose -4*z - 2*l + 419 = 33, 5*z + s*l = 485. What is the tens digit of z?
9
Suppose -3*j + 125 = 2*j. Suppose -2*h = 5*f - 29, 5*h = -f - 2*f + j. Let p(u) = u**3 - 4*u**2 + 5*u + 10. What is the units digit of p(f)?
0
Suppose 6222 = 68*n - 65*n. What is the units digit of n?
4
Let n = 44 + 557. Let d = n + -333. What is the tens digit of d?
6
Suppose 5*l - 15 = 0, -12*p + 3*l = -15*p + 9. Suppose -2*r - 3*i + 1079 = p, 3*r + 4*i = -0*i + 1621. What is the units digit of r?
7
What is the tens digit of (-1191452)/(-57)*-5*1/(-20)*6?
5
Let m(y) = -5*y. Suppose 9*w + 1116 - 225 = 0. Let b = w - -92. What is the tens digit of m(b)?
3
Suppose h = -h - 42. Let p = 24 + h. Suppose 4*a + p = 7*a. What is the units digit of a?
1
What is the tens digit of (-10)/2 + 945/(-60)*-188?
5
Suppose -766 = -4*p - 734. Suppose -5*c - 5*m + 4780 = 0, p*m = -2*c + 3*m + 1897. What is the tens digit of c?
6
Let w be (104/12)/((-1)/60)*1. Let r = w - -240. Let b = -155 - r. What is the tens digit of b?
2
Let k(v) = 66*v**2 - 3*v - 23. What is the hundreds digit of k(-11)?
9
Let n(i) = -9*i**3 - 41*i**2 - 37*i - 39. Let b(k) = 5*k**3 + 20*k**2 + 20*k + 19. Let u(h) = 5*b(h) + 3*n(h). What is the tens digit of u(-13)?
2
Let i be -4*(-1 + 0) - 1. Suppose 0 = i*x - 12, -4*x = 5*k - 633 - 573. What is the hundreds digit of k?
2
Suppose 16*n - 11964 = 12*n. Suppose 4*m - 801 = c + 1596, 5*m - 3*c = n. What is the tens digit of 1/(2405/m - 4)?
2
Let y = -229 + 322. Suppose -4*s - 13 = -g + s, y = 5*g + 3*s. What is the units digit of (2 + -1)*3 + (g - 17)?
4
Suppose -8*n = -152 - 360. Let o = -63 + n. What is the units digit of o/(-9) + (-694)/(-9)?
7
Let l be 1/4 + (-39)/12. What is the tens digit of l/2 + 12192/64?
8
Let q(j) = -321*j**3 + j**2 + 7*j + 15. What is the tens digit of q(-2)?
7
Suppose 24*o = 16*o + 8376. Let k = 35 + o. What is the tens digit of k?
8
Suppose 0 = -17*f + 18*f - 1116. Suppose -25*z = -23*z - f. Suppose -z = -4*o - 2*o. What is the tens digit of o?
9
Let t = -82 + 150. Suppose 276 = -62*p + t*p. Let a = p + 63. What is the tens digit of a?
0
Let r = 90 - 7. Let p = 124 - -14. Let a = p - r. What is the tens digit of a?
5
Suppose s = 4*i + 14, -2*s + s - 5*i = 4. What is the hundreds digit of (207/s)/((-3)/(-20))?
2
Let r = -197 + 517. Suppose 4*k - 12 = -0. Suppose t = -k*t + r. What is the units digit of t?
0
Let a = 1734 - 1086. Suppose 14*m = 10*m - a. Let w = m - -246. What is the units digit of w?
4
Let x(l) = -25*l**2 + 11*l + 3. Let w(i) = 76*i**2 - 32*i - 10. Let b(h) = -2*w(h) - 7*x(h). What is the tens digit of b(-4)?
1
Let o = -19355 - -19966. What is the hundreds digit of o?
6
Suppose -1748350 = -150*l - 329*l. What is the units digit of l?
0
Let g(a) = 599*a - 7. Let u be g(1). Suppose u = 2*v - y, y = 5*v + 5*y - 1467. What is the units digit of v?
5
Let t(o) = -44843*o - 574. What is the hundreds digit of t(-1)?
2
Suppose 533 = 4*f + 101. Let a be 5/(11 - 187/22). Suppose -f = -4*b + a*b. What is the tens digit of b?
5
Suppose 2*p + 9 = 3*i - 5, -4*i + p = -22. Suppose -9*q + i*q = -828. Suppose -11*x + 13*x - q = 0. What is the hundreds digit of x?
1
Suppose -2*p - 66 = -5*j, 3*j = 2*j + 5*p + 27. Let c(g) = 0*g**3 + 22*g**2 + 26*g - 12*g**2 - g**3 + 13 + 0*g**3. What is the tens digit of c(j)?
3
Let l = 18 + -13. Suppose l*c = x + 1125, -3*c + 5*x = c - 879. What is the units digit of